/4 + j**3/3 + j**2/2 + 5*j + 1. What is the units digit of p(y)?
5
Let x = -109 + 161. Let n(j) = -j**2 - 6*j - 5. Let m be n(-4). Suppose -m*a - 7*t = -3*t - x, 4*t = -4*a + 68. What is the units digit of a?
6
Let d(a) = -a**3 + 7*a**2 + 7*a + 8. Suppose -4*o + 4 = -28. Let f be d(o). Suppose 0 = 4*s - f*s - 24. What is the units digit of s?
6
Let r = 14 - -321. What is the hundreds digit of r?
3
Let w(n) = 3*n. Let g be w(4). Suppose -3*a = -6*a + g. What is the units digit of a?
4
Suppose 22 = 2*k + g, g - 22 = -2*k + 3*g. Let f = -7 + k. What is the units digit of (2 + 0)*2/f?
1
Let v = -11 + 7. Let o = v + 8. Suppose 0*c - c + 20 = -4*h, -o*h + 28 = 5*c. What is the units digit of c?
8
Suppose 4*c - 14 = 2. Suppose -3*f + 0*f = -5*o - 51, -c*f + 8 = 0. What is the units digit of (-2)/o + (-14)/(-18)?
1
Let v(i) = i**2 - 3*i - 5. Let f be v(5). Let z(p) = p**3 - 6*p**2 + 5*p + 1. What is the units digit of z(f)?
1
Suppose -3*i = i - 344. What is the units digit of i?
6
Suppose -1167 = -12*q + 2241. What is the units digit of q?
4
Suppose p = -0*b - 3*b + 12, 3*b = p - 12. Suppose p = 3*y + 3. What is the units digit of y?
3
Let s be 24/(-4)*(-3)/(-6). What is the units digit of 5 + s - 0/2?
2
Let d(z) = 5*z**3 + z**2. Let n be d(1). Let f = n + 11. What is the units digit of f?
7
Let h = -131 - -200. What is the units digit of h?
9
Suppose -116 = -3*q + 2*q. What is the units digit of q?
6
Let s = 10 - 5. Suppose 3*m - 3*k = 9, -s*k + 10*k = 0. What is the units digit of m?
3
Suppose -3*r - 5 = -5*x, -r + 2*r + 3*x - 17 = 0. Suppose 5*s = 3*c - 8*c - 60, r*s + 60 = c. What is the units digit of ((-1)/3)/(2/s)?
2
Let m be -3*21*(-4)/(-9). What is the units digit of (-48)/m*14/4?
6
Let v(n) = n + 8. What is the units digit of v(-5)?
3
Let r(q) = 2*q - 5. Let s be r(5). Suppose -n + s*n = 132. What is the tens digit of n?
3
Let f(v) = -v**3 - 8*v**2 + 10*v + 11. Let a be f(-9). Suppose -a*y = -0*y + k - 84, -5*y + 240 = -5*k. What is the units digit of y?
4
Let b(f) be the third derivative of 7*f**5/60 - f**4/24 - f**2. Let z(t) = t + 10. Let y be z(-9). What is the units digit of b(y)?
6
Let j(f) = -f**3 - 11*f**2 + 6. Let g be j(-11). Let a(d) = 11 + 0*d**3 - 7*d - d**3 - 4 + 7*d**2. What is the units digit of a(g)?
1
Suppose -g - 11 = 2*i - 4*g, 2*i + 5*g + 3 = 0. Let a = 0 - i. What is the units digit of a?
4
Suppose 7*o - 4 = 3*o. Let a(p) = 31*p**2 + 2*p - 1. What is the units digit of a(o)?
2
Suppose -3*y = -3*h - 639, h - 2*y - 430 = 3*h. What is the tens digit of (-15)/(-25) - h/10?
2
Suppose -6*y + 916 = -20. What is the hundreds digit of y?
1
Let m(t) = 10*t**2 + 2*t + 1. Let p = 2 - 0. Suppose 5 - 3 = -p*k. What is the units digit of m(k)?
9
Let l(n) = n + 2. Let i be l(-3). Let r(y) = 31*y**2 + y. Let q be r(i). Let s = q + -12. What is the tens digit of s?
1
Let d(v) = 2*v - 3 - 2*v**2 - v**2 + 4*v**2. Let n be d(-4). Suppose 3*f + f - 3*c = 27, -13 = 4*f + n*c. What is the units digit of f?
3
Let f(x) be the third derivative of x**4/12 + 4*x**2. What is the units digit of f(8)?
6
Suppose 3*v = -5*x - 43, 5*x + 5*v + 24 = x. Let c = x - -19. What is the units digit of c?
8
Let v = -48 - -82. Suppose -x + v = 2*g, 0 = 2*g - g + x - 16. What is the units digit of g?
8
What is the units digit of (-59 + 5)*(-2)/6?
8
Suppose -s = -4*w + 449, -2*w = 5*s - 123 - 74. What is the hundreds digit of w?
1
What is the units digit of ((-420)/27 - 6/(-27))*-3?
6
Let v be -1 + 1 + (-15)/(-5). Suppose -v - 5 = -q. What is the units digit of 100/q + (-1)/2?
2
Suppose -3*q = 5*y - 943, -33 = -y + 3*q + 152. What is the units digit of y?
8
Let t = 73 + -31. What is the units digit of t?
2
Suppose t = 5*d - 232, 3*d = -2*t - 0*t + 147. What is the units digit of d?
7
Let y be (-2)/4 - 7/(-2). Suppose 2*i = -0*i - 5*r + 2, -24 = -5*i - y*r. Suppose j = i - 0. What is the units digit of j?
6
Let t = 59 + -26. What is the tens digit of t?
3
Let y = 747 + -401. What is the hundreds digit of y?
3
What is the tens digit of 15/(-105) - (-218)/7?
3
Let j(d) = 4*d + 1. Let s(n) = -n. Let l be (-4 - -3)*(0 + 5). Let x(a) = l*s(a) - j(a). What is the units digit of x(7)?
6
Let t = -13 + 15. Suppose 4*p = -5*y + 121, -y + 50 = y + t*p. What is the tens digit of y?
2
Suppose 2*w - 3 = 1. What is the units digit of ((-9)/(-1) - w) + -2?
5
Let w(p) = p**3 + 3*p**2 + 3*p + 6. Let l be w(-4). Suppose -f - 6*f = 3052. What is the tens digit of f/l - (-8)/44?
2
What is the units digit of 1 + -1 + 59 - (54 + -56)?
1
Let u = -49 - -107. What is the units digit of u?
8
Let t = 4 - -90. What is the units digit of t?
4
Let p(t) = -t**3 - 4*t**2 + 8*t + 9. Let w be p(-6). Let m = w + -16. What is the units digit of m?
7
Let k(f) = f**3 - f**2 - 22. Let o be k(0). What is the units digit of (2 + -3)*(2 + o)?
0
Suppose -2*f = u - 3, -3*f = -2*u + f - 10. Let h be 1/(u + (-15)/(-18)). Let x = h - -9. What is the units digit of x?
3
Let k = -6 - -4. What is the units digit of k/8 + (-33)/(-4)?
8
Let w = -2 - -8. Suppose -w = -2*a - 0*a. Suppose 0 = -a*y + 3*f - f + 12, 5*y + 4*f + 2 = 0. What is the units digit of y?
2
Suppose -5*k = -2*k. Suppose k = -3*j + 14 + 28. What is the tens digit of j?
1
Suppose 3 = -3*k + 18. Suppose 10 + 40 = k*d. What is the tens digit of d?
1
Let p(x) = -2*x**2 + 5*x + 6. Let b(g) = g**2 - 1. Let i(f) = 3*b(f) + p(f). What is the units digit of i(-6)?
9
Suppose 2*d = 53 - 13. Let j = d + 5. What is the tens digit of 2/4 + j/2?
1
Suppose -4*o + 123 = -b + 2*b, 87 = 3*o - b. What is the units digit of o?
0
Let a = 7 - -1. What is the units digit of a?
8
Let l = -30 + 78. What is the tens digit of l?
4
Let c(l) = l**2 - 5*l - 1. Let p be 3/(-4)*(-4 + -4). Let g be c(p). Suppose g + 40 = 5*v. What is the units digit of v?
9
Suppose 2 = -c, 0*p - 3*p = -3*c. Let o(d) = 2*d**2 + 3*d. Let q be o(p). Suppose 0 = 4*b + q - 18. What is the units digit of b?
4
Let p be (-4)/2*(-7)/2. Let o = p - 25. Let k = -10 - o. What is the units digit of k?
8
Let w = -48 + 82. What is the tens digit of w?
3
Suppose 3*d - 16 = 11. Let b = d + -3. What is the units digit of b?
6
Let t(a) = 7*a + 2. Let p be t(-2). What is the units digit of 50/6 + p/(-18)?
9
Let g(m) = -20*m - 23. Let d(p) = -7*p - 8. Let n = 14 - 8. Let f(b) = n*g(b) - 17*d(b). What is the units digit of f(-9)?
7
What is the units digit of 22/(3 + (-2 - -1))?
1
Suppose 0 = 6*t - 135 - 45. Suppose -4*r + 3*r + t = 0. What is the tens digit of r?
3
Suppose 14 = 3*q + 2*y, 0 = -4*q - 0*q + 5*y + 11. Suppose -3*z + 3*c + c - q = 0, -4*z - 3*c - 22 = 0. What is the tens digit of 9*(0 + z/(-3))?
1
Let t(c) = 37*c**2 + 11*c - 4. What is the hundreds digit of t(-3)?
2
Suppose -4*b + 16 = 0, -2*o + 31 + 23 = -2*b. What is the tens digit of o?
3
Suppose 0*g - 3*h = -2*g + 30, 0 = -4*h - 8. Suppose 3*l = -3*d + g, 2*l + 28 = 3*d - 3*l. What is the tens digit of 68/6 + (-2)/d?
1
Let b = 84 + -53. What is the units digit of b?
1
Suppose 6 = 2*l - 4. Suppose 63 = 3*i + 2*i - t, 6 = -2*t. Suppose -s + l*s = i. What is the units digit of s?
3
Let f(g) = -2*g - 8. Let c be f(-6). Let l(m) be the second derivative of m**5/20 - 5*m**4/12 + 2*m**3/3 + m**2/2 + m. What is the units digit of l(c)?
1
Suppose -9*l = l - 1590. What is the tens digit of l?
5
What is the units digit of -2 + 5/((-20)/(-12)) - -52?
3
Suppose -4*i + 5*y + 172 = 0, 3*y - 6*y - 86 = -2*i. What is the tens digit of i?
4
Let m(a) = -a**3 - 13*a**2 + 12*a - 15. Let v be m(-14). Let u = v + -1. What is the tens digit of u?
1
Let x be 1 - 0 - -20 - 1. Suppose x = 2*s - 10. What is the tens digit of s?
1
Let f(y) = -5*y + 15. Let b be f(-11). Suppose 0 = -6*o + o + b. What is the units digit of o?
4
Let n be 4/14 + (-24)/(-14). Let j = -6 + 7. What is the tens digit of n + -16*j/(-2)?
1
Let d = -146 - -247. What is the units digit of d?
1
Let t = -78 - -111. What is the units digit of t?
3
Suppose f = -0*n - 4*n + 22, -4*f + 4*n - 12 = 0. Suppose z + f = 3*j, 3*j + 5*z - 6 = 2*z. What is the units digit of j?
1
Suppose 0 = -9*g + 423 + 684. What is the hundreds digit of g?
1
Let q(w) be the second derivative of w**3/3 - 2*w**2 + w. Let h be q(5). Suppose r = -0*z + z + h, -4*r - z = -29. What is the units digit of r?
7
Let t = -188 - -194. What is the u